 + -5 + -1 + -1 - 2.
-1
-4 - (-1 + (-14 - -8))
3
What is the value of (9 - 9) + (3 - -1)?
4
-6 + -5 + 3 + 10
2
6 - 1 - (9 - 5)
1
What is the value of (-5 - -5) + (0 - -1) - 1?
0
Evaluate -3 - -1 - (121 + -128).
5
Calculate 21 + -20 + -1 + 7 + -2.
5
-7 + 7 + (10 - (12 - 5))
3
What is the value of -8 + 4 - (-4 - 0)?
0
What is 0 + (-5 + 8 - (1 + 1))?
1
What is 3 + (2 - 5) + 8 + -4?
4
What is -13 - (-14 + -1 + 7)?
-5
What is -2 - ((0 - -4) + -4)?
-2
What is the value of (-10 - -10) + (-5 - -1)?
-4
What is the value of 4 - 9 - (0 - 4)?
-1
-1 - (1 + (4 - 5))
-1
Calculate -4 + (-3 - (1 + -9)) + -4.
-3
(1 - 1 - (1 + -4)) + 2
5
Calculate -2 - (-2 + 2 - -1).
-3
What is the value of 0 - (2 + -2 + (1 - 1))?
0
Calculate (14 - 16) + -1 + (-1 - -2).
-2
What is 6 - (-2 - (-5 + -1)) - -3?
5
What is the value of (2 - 5 - -4) + -3?
-2
Evaluate -20 - -22 - (1 - (1 - 2)).
0
What is -4 + 3 + 7 + 0?
6
What is -2 + 5 + 2 + -2 + -4?
-1
Calculate -2 + 2 + 3 + -9.
-6
What is 3 + -11 + (-22 - -27)?
-3
Calculate -10 + (-4 - -10) - -5.
1
Evaluate 76 - 89 - (0 - 10).
-3
Evaluate -15 + (0 - -15) - -4.
4
1 - -1 - (-4 + -2 - -6)
2
Evaluate (10 - 13) + 3 + (2 - 4).
-2
What is the value of -1 + 1 + 7 + -8 + 5?
4
What is 3 - (2 + (2 - 2)) - 2?
-1
What is 0 - 5 - (6 + 6 + -15)?
-2
What is the value of 12 + -8 - (6 + -2 - 0)?
0
Calculate 6 + (-1 - 4) + -1.
0
What is the value of -7 + 2 + 4 - (-2 + -3)?
4
Evaluate ((3 - 4) + 3 - 5) + 7.
4
Evaluate (-3 - 2 - -1) + 9 - 1.
4
What is -1 - ((-6 - (1 - 4)) + 8)?
-6
2 - (5 + -4 + 0) - 2
-1
Calculate 7 + -4 - -2 - -2.
7
Calculate 4 - 2 - (1 - 3).
4
(22 - 17) + (-7 - 2)
-4
What is the value of 3 - ((4 - 0) + -2)?
1
Calculate 3 + -8 - (-3 + 6 - 9).
1
(7 + 5 - 3) + -15
-6
What is (3 - (10 + -3)) + 4?
0
What is the value of (-4 + (-1 - -4) - 3) + 0?
-4
Evaluate -3 - (2 - (-3 - -6)) - 1.
-3
Evaluate -4 - (-6 + 12 - 6).
-4
3 + -3 + 3 + -4 - 0
-1
Calculate (0 - (4 + -3 + 2)) + 7.
4
Calculate 1 - (2 - 2 - -2).
-1
What is -6 + 15 + -7 + 1?
3
Evaluate -1 - (-1 + -5 + 2 + 7).
-4
What is the value of -6 - (-9 + 8 + -7 + 6)?
-4
Evaluate 6 - 4 - (0 + 0) - -1.
3
What is -4 - 3 - (2 + -6)?
-3
What is the value of 12 + -23 + (0 - -5)?
-6
Calculate 5 + (-11 - -6) + 2.
2
What is -6 + 4 + (-1 - -1)?
-2
Evaluate 0 + (8 - 5) - 1.
2
Calculate 0 - 3 - ((3 - 2) + 0).
-4
Calculate 4 + 2 + -16 + 3 + 2.
-5
What is the value of (-28 + 10 - -9) + 2?
-7
What is the value of (6 - (3 + 16 + -5)) + 2?
-6
Evaluate 7 + 3 + -9 + -2 + 0.
-1
(3 - (0 - -2)) + (-1 - 1)
-1
-1 - (5 + (-4 - 2))
0
Evaluate 3 + -9 - (-7 - -6).
-5
What is the value of (-7 + 8 - -4) + -11?
-6
Calculate -1 - (0 + (1 - 3)).
1
What is the value of 6 - (-4 + 3 + 5) - -5?
7
-4 + 0 + 1 + -5 + 2
-6
Calculate -2 + -6 + (0 - 0) + 3.
-5
What is (-2 - 3) + 1 - (-11 + 3)?
4
What is the value of -6 - (-10 + -4 + 13)?
-5
What is 5 - ((1 - -6) + -6)?
4
What is -1 - (2 - 3) - 2 - -3?
1
Calculate -1 + (0 - 2 - (1 + -3)).
-1
5 + 4 + -6 + -10
-7
What is 1 + 1 - (4 + -5 + 9)?
-6
What is the value of -4 + 0 + 12 + -2 + -4?
2
What is the value of (-13 - 2) + 8 - (3 - 7)?
-3
What is the value of -5 - (7 - (-3 + 15))?
0
Evaluate 12 - (10 + (0 - 6)) - 0.
8
What is -1 + 4 - (0 - 0)?
3
What is the value of (-2 - 2) + (-4 - -2 - -5)?
-1
What is 20 + (1 - 11) - 11?
-1
What is the value of (-2 - -5) + -1 + -5 + 1?
-2
-10 + (-6 - 2 - -25)
7
Calculate (3 - 3) + 3 + -2.
1
What is -10 - (0 - (-4 + (10 - 3)))?
-7
Calculate 1 - (7 + -2 + 2 + -2).
-4
Evaluate (-2 - 1 - 3) + 4.
-2
Evaluate (8 - 3) + -2 + -8.
-5
Calculate -5 - ((-5 - 3) + 2).
1
What is the value of 2 + 1 - (13 + -12)?
2
Evaluate 5 - (3 - (2 + -4)).
0
Calculate 10 + 0 + (-5 - -1).
6
What is (-1 - (-4 - 0)) + (-6 - -8)?
5
Calculate (11 - 7) + 5 + -1 - 4.
4
(-5 - (-10 - -2)) + -3
0
Evaluate 2 + (-2 + (3 - -1) - 6).
-2
Calculate -24 + 2 + 13 + 3.
-6
Evaluate 2 + 11 + -1 + -4.
8
What is -7 + (4 + -5 - -4)?
-4
3 + (-8 - -3) - 3
-5
What is the value of (17 - 4) + (-7 - 4)?
2
-42 + 50 + (-2 - (10 + 3))
-7
-3 - (-5 - -4 - -1)
-3
What is 0 + 0 - (0 - 2) - -3?
5
Calculate 5 - ((4 - (0 - 3)) + -1).
-1
Calculate -6 + 18 + -9 + -6.
-3
Evaluate 1 - 3 - (-67 - -67).
-2
Evaluate 5 + -3 - (-15 + 20).
-3
Evaluate -2 - 0 - (2 - (-2 - -4)).
-2
Calculate -5 + (-1 - (-4 + -1 + 3)).
-4
What is the value of (1 - 0) + (-3 - -2) + 1?
1
What is -6 + 0 + -2 + 21 + -4?
9
Evaluate 0 + (8 + -5 - 3) + -1.
-1
What is the value of (6 - (8 + -5)) + 0?
3
1 + 0 + 1 - (-15 - -12)
5
Evaluate 1 - -2 - ((-4 - -11) + -6).
2
Calculate (5 - (8 - 3)) + 4.
4
4 + (-1 - 1) + -5 + 6
3
Calculate 1 + 2 + 2 + (-1 - 2).
2
What is 4 + 0 + 1 + -6?
-1
What is 2 - (1 - 4 - 0)?
5
What is the value of 2 + 2 + -2 + (-5 - -2)?
-1
What is the value of -7 + (7 - (3 + 0))?
-3
Evaluate (-11 - -6) + (3 - -1).
-1
What is the value of -14 - (-2 - (12 + -9))?
-9
0 + -2 + 4 + 2 + -7
-3
Evaluate 3 + (1 - -1 - (17 + -18)).
6
Evaluate (8 - 6) + (2 - 0).
4
Calculate 1 + (1 - (-4 + 2)).
4
What is the value of 0 - 2 - (0 + (3 - 8))?
3
What is the value of 8 - (9 - (0 + 4))?
3
(2 - 0 - -3) + 0
5
-1 + 6 - (-19 - -21)
3
What is the value of -13 + 15 - (0 - -2)?
0
Calculate (12 - 2) + 0 - (0 - -5).
5
-3 + ((0 - -2) + 3 - 4)
-2
Calculate (-1 - 0) + 0 + 5.
4
Calculate 6 + -3 + (6 - 4).
5
What is the value of (1 - -3) + 10 + -11 + 1?
4
Calculate -3 + (-1 - -8) + -3.
1
(-1 + 2 - (0 - 1)) + 7
9
Calculate (-2 - -4 - (-16 - -15)) + -2.
1
What is the value of -7 + (6 - 5) - -7?
1
What is the value of -3 - (-10 - -2 - (-2 - 0))?
3
Calculate -8 + (4 - ((-1 - -5) + -8)).
0
-1 - (13 + -6 - 12 - -6)
-2
What is 3 + (-14 - -33) + -15?
7
Evaluate -7 - ((1 - 6) + 2).
-4
What is the value of -5 + (8 - 1) + -1?
1
5 + -5 + -4 + (6 - -3)
5
What is the value of 4 + (-16 - -2) + 2 + 5?
-3
What is the value of 1 + 6 + (-6 - -3)?
4
Calculate 9 - (12 - 9 - -7).
-1
What is the value of 5 + -4 - (2 + -10) - 4?
5
Calculate -6 - (-3 + 0 + (3 - 1)).
-5
Calculate (1 - 2) + (27 - 23).
3
8 + (7 + -9 - 10)
-4
Calculate -6 + (15 - 8) - -6.
7
What is -42 + 30 + (2 - -1)?
-9
Evaluate -2 + (2 - 3) - (-5 - 3).
5
Evaluate -4 - (0 + 1 - 1).
-4
What is the value of 6 + (9 - 6 - 6)?
3
What is the value of -10 + 11 + -6 + 16?
11
Calculate 0 + -8 + 3 - -9.
4
What is the value of (0 - 1) + -3 - 1?
-5
Calculate -5 + 2 - -11 - (38 - 37).
7
Calculate (3 - (3 + 2)) + 3 - 5.
-4
What is -4 + (-3 - (1 + 9) - -7)?
-10
Evaluate (2 + 3 + 2 - 2) + -6.
-1
What is the value of 1 - (13 + 0 + -1) - -7?
-4
What is -9 + 9 - -7 - 12?
-5
(3 - 7) + 8 + -2
2
1 - -1 - 2 - (1 + -3)
2
What is -8 + 5 + -2 + -3 + 3?
-5
Evaluate -12 - -10 - (-7 + 4 + -4).
5
What is -7 + 0 + -41 + 42?
-6
What is the value of -4 - (-3 - (1 - (0 - -4)))?
-4
Evaluate -13 - (3 + -8) - -5.
-3
Calculate 9 - ((-1 - -11) + 1).
-2
Calculate -15 + (25 - 11) + 4.
3
Calculate 2 - (-4 - (2 + -10)).
-2
Calculate 7 + -6 - (1 + -2 + 7).
-5
Evaluate (1 - (1 + -1)) + 2.
3
What is 3 + (8 - (-11 - -14))?
8
What is 1 - (2 - (-1 - 3))?
-5
What is 0 + (5 - 5) - (-1 - -2)?
-1
Evaluate -1 - (-5 + 5) - (34 + -24).
-11
Calculate 6 - (-4 + 11) - (-1 + 6).
-6
-2 + -8 + (52 - 42)
0
Evaluate (6 - 9) + (3 - 1).
-1
Calculate -1 + (2 - 1) + -4.
-4
Evaluate 3 + -4 + -2 + 5 - 0.
2
-1 + -1 + (-25 - -25)
-2
(3 - 0) + -5 + 7
5
Evaluate -3 - (6 - (-3 + 6 - 0)).
-6
What is 108 + -108 - (-1 - 1 - 1)?
3
Calculate (0 - (-19 + 9)) + (-9 - -2).
3
Calculate 2 + (13 - 11 - (3 - 0)).
1
Evaluate -1 + 6 + (-2 - 3).
0
Calculate 0 + -1 + -1 + (0 - -4).
2
What is the value of (0 - 2) + 5 + -8 + 2?
-3
-5 + 5 - ((-13 - -7) + 0)
6
-1 + 4 + -37 + 33
-1
1 - ((5 - 9) + 10 - 5)
0
(3 - (-7 - -13)) + (0 - 4)
-7
What is the value of 0 + (-5 - (5 + -14 + 1))?
3
Calculate 2 - (0 - -6) - -12.
8
What is the value of 4 + -3 + (5 - 1)?
5
5 + 3 + -18 + 8
-2
What is -4 + 2 + 2 + 1 + -3?
-2
Evaluate 1 + -8 + (1 - 5) + 10.
-1
Calculate -7 + (10 - (6 + 2)).
-5
Evaluate -6 - (-2 + 9 + -11).
-2
Evaluate -2 - (8 + -5 - 4).
-1
Calculate -5 - -6 - 3 - 0.
-2
What is the value of 1 + (3 - (-4 + -5 + 18))?
-5
What is the value of (5 - (-5 + (1 - -10))) + 10?
9
Evaluate (-5 - 3) + 2 + 3.
-3
What is the value of 9 + (5 - (7 + -5)) + -7?
5
What is the value of 7 + (-2 - (5 + -11 - -5))?
6
Evaluate 1 + (-1 + -2 - (2 + -4)).
0
Calculate (-2 - (-1 + 4)) + 164 + -165.
-6
Calculate 3 - (2 + (0 - 2 - -7)).
-4
What is the value of 